{"id":149,"date":"2021-09-26T23:18:13","date_gmt":"2021-09-26T21:18:13","guid":{"rendered":"https:\/\/www.eeichler.de\/wordpress\/?page_id=149"},"modified":"2024-10-24T22:36:52","modified_gmt":"2024-10-24T20:36:52","slug":"cv","status":"publish","type":"page","link":"https:\/\/www.eeichler.de\/?page_id=149","title":{"rendered":"CV"},"content":{"rendered":"\n<h3 class=\"wp-block-heading\">Ausstellungen<\/h3>\n\n\n\n<figure class=\"wp-block-table is-style-stripes\"><table class=\"has-fixed-layout\"><tbody><tr><td><strong>April 2023<\/strong><\/td><td>Ausstellung f\u00fcr Junge Kunst <a href=\"https:\/\/www.kunstpause.ch\/kunstler-innen-2023\/emanuel-eichler\">&#8222;KUNSTpause&#8220;<\/a>, Zug<\/td><\/tr><tr><td><strong>Oktober 2019 &#8211; Januar 2020<\/strong><\/td><td>Kunstsupermarkt, Solothurn<\/td><\/tr><tr><td><strong>August 2019<\/strong><\/td><td>Artbox.Project Z\u00fcrich 1.0, Z\u00fcrich<\/td><\/tr><tr><td><strong>Juni 2019<\/strong><\/td><td>Junge Kunst &#8222;Kunstpause&#8220;, Zug<\/td><\/tr><tr><td><strong>seit Mai 2019<\/strong><\/td><td>Vertreten auf der Plattform zur Vermietung von Kunstwerken&nbsp;<a href=\"https:\/\/www.levisual.ch\/\">www.levisual.ch<\/a><\/td><\/tr><tr><td><strong>November 2018 &#8211; M\u00e4rz 2019<\/strong><\/td><td>Galerie Adles, Z\u00fcrich<\/td><\/tr><\/tbody><\/table><\/figure>\n\n\n\n<h3 class=\"wp-block-heading\">Wettbewerbe<\/h3>\n\n\n\n<figure class=\"wp-block-table is-style-stripes\"><table class=\"has-fixed-layout\"><tbody><tr><td><strong>Mai 2019<\/strong><\/td><td>Kunstwettbewerb &#8222;Malen gegen Eierstockkrebs&#8220; der Deutschen Stiftung Eierstockkrebs und der Europ\u00e4ischen K\u00fcnstlergilde f\u00fcr Medizin und Kultur<\/td><\/tr><tr><td><strong>M\u00e4rz 2019<\/strong><\/td><td>Ausschreibung zum 8. Internationalen Kunstpreis der Galerie QQArt zum Thema &#8222;Rotation&#8220;<\/td><\/tr><\/tbody><\/table><\/figure>\n\n\n\n<h3 class=\"wp-block-heading\">Auftragsarbeiten<\/h3>\n\n\n\n<figure class=\"wp-block-table is-style-stripes\"><table class=\"has-fixed-layout\"><tbody><tr><td><strong>Oktober 2018<\/strong><\/td><td>Vier Werke f\u00fcr Detecon Schweiz AG als Mitarbeiter-Awards<\/td><\/tr><\/tbody><\/table><\/figure>\n","protected":false},"excerpt":{"rendered":"<p>Ausstellungen April 2023 Ausstellung f\u00fcr Junge Kunst &#8222;KUNSTpause&#8220;, Zug Oktober 2019 &#8211; Januar 2020 Kunstsupermarkt, Solothurn August 2019 Artbox.Project Z\u00fcrich 1.0, Z\u00fcrich Juni 2019 Junge Kunst &#8222;Kunstpause&#8220;, Zug seit Mai 2019 Vertreten auf der Plattform zur Vermietung von Kunstwerken&nbsp;www.levisual.ch November 2018 &#8211; M\u00e4rz 2019 Galerie Adles, Z\u00fcrich Wettbewerbe Mai 2019 Kunstwettbewerb &#8222;Malen gegen Eierstockkrebs&#8220; der [&hellip;]<\/p>\n","protected":false},"author":1,"featured_media":0,"parent":0,"menu_order":0,"comment_status":"closed","ping_status":"closed","template":"","meta":{"footnotes":""},"class_list":["post-149","page","type-page","status-publish","czr-hentry"],"_links":{"self":[{"href":"https:\/\/www.eeichler.de\/index.php?rest_route=\/wp\/v2\/pages\/149","targetHints":{"allow":["GET"]}}],"collection":[{"href":"https:\/\/www.eeichler.de\/index.php?rest_route=\/wp\/v2\/pages"}],"about":[{"href":"https:\/\/www.eeichler.de\/index.php?rest_route=\/wp\/v2\/types\/page"}],"author":[{"embeddable":true,"href":"https:\/\/www.eeichler.de\/index.php?rest_route=\/wp\/v2\/users\/1"}],"replies":[{"embeddable":true,"href":"https:\/\/www.eeichler.de\/index.php?rest_route=%2Fwp%2Fv2%2Fcomments&post=149"}],"version-history":[{"count":3,"href":"https:\/\/www.eeichler.de\/index.php?rest_route=\/wp\/v2\/pages\/149\/revisions"}],"predecessor-version":[{"id":472,"href":"https:\/\/www.eeichler.de\/index.php?rest_route=\/wp\/v2\/pages\/149\/revisions\/472"}],"wp:attachment":[{"href":"https:\/\/www.eeichler.de\/index.php?rest_route=%2Fwp%2Fv2%2Fmedia&parent=149"}],"curies":[{"name":"wp","href":"https:\/\/api.w.org\/{rel}","templated":true}]}}